74 - -28?
-17148
In base 14, what is 7704 - 10?
76d4
In base 8, what is -337 + 4132?
3573
In base 16, what is -3fd + -464?
-861
In base 10, what is -1206 + 112?
-1094
In base 13, what is -1a24a1 + 0?
-1a24a1
In base 16, what is -3b4 - -f?
-3a5
In base 11, what is -a959 - 16?
-a974
In base 3, what is 21 + 1201122?
1201220
In base 2, what is -1000111 - 1000001100111?
-1000010101110
In base 10, what is -1664 + -49?
-1713
In base 16, what is -83c7c - -3?
-83c79
In base 5, what is 40 - -2221010?
2221100
In base 15, what is 16bc5 + -5?
16bc0
In base 15, what is b + -1cc5e?
-1cc53
In base 15, what is -98e84 - -7?
-98e7c
In base 16, what is 1665a - 5?
16655
In base 2, what is 11111101011000110001 + 0?
11111101011000110001
In base 10, what is 77580 - 5?
77575
In base 15, what is 88ab + -1?
88aa
In base 3, what is 12101002022 + 10?
12101002102
In base 9, what is -186 - -451?
254
In base 16, what is 5a15c - -6?
5a162
In base 15, what is -6 - -839c?
8396
In base 13, what is 16445 - 35?
16410
In base 7, what is 11 - -6105?
6116
In base 9, what is -28027 - 1?
-28028
In base 16, what is 3679 + 1?
367a
In base 10, what is 5 - 61067?
-61062
In base 8, what is -6 - 27012?
-27020
In base 2, what is -1101001 + -1100001?
-11001010
In base 7, what is -12026305 + 3?
-12026302
In base 16, what is -66f - 29?
-698
In base 7, what is 11415244 + 5?
11415252
In base 3, what is -1001100101 + -2?
-1001100110
In base 4, what is -102231 + 3120?
-33111
In base 6, what is 5031 - 1311?
3320
In base 11, what is 159 + -10246?
-10098
In base 3, what is -2 + -110111212?
-110111221
In base 6, what is 3450 + 3?
3453
In base 4, what is -21 + 20312?
20231
In base 10, what is 4 + -309586?
-309582
In base 14, what is 7 + 377?
380
In base 12, what is -2 - 28410?
-28412
In base 14, what is -5 + 247?
242
In base 8, what is -26714235 + 0?
-26714235
In base 13, what is -18 + bcc?
bb4
In base 3, what is -1220 + 122010111?
122001121
In base 7, what is 4243 - -12?
4255
In base 11, what is -68 - 97a4?
-9861
In base 6, what is 35 - 14404?
-14325
In base 10, what is -8 + -142236?
-142244
In base 3, what is -1002000 + -1220121?
-2222121
In base 3, what is -10122222 - -11020?
-10111202
In base 14, what is 17 - -1a621?
1a638
In base 15, what is -15e3 - b?
-15ee
In base 15, what is -7b01 - -2?
-7aee
In base 4, what is 1232 - 1100?
132
In base 14, what is 190a + 43?
194d
In base 3, what is 1000 - -201001210?
201002210
In base 11, what is 0 - -4642?
4642
In base 15, what is 2 - 1258?
-1256
In base 12, what is -5 - -2a664?
2a65b
In base 12, what is -163b0 + b?
-163a1
In base 14, what is -16 + 15c2?
15aa
In base 5, what is -3 - -112244242?
112244234
In base 12, what is -4 - b20a?
-b212
In base 16, what is 4 + -2644?
-2640
In base 14, what is -1bd5c - 2?
-1bd60
In base 10, what is 42 - -262?
304
In base 8, what is -10727017 + 2?
-10727015
In base 16, what is -1dc + ea?
-f2
In base 5, what is 44000 - -22?
44022
In base 16, what is 529d4 + 13?
529e7
In base 6, what is -2250320 - -5?
-2250311
In base 7, what is 11041 - -1005?
12046
In base 6, what is -33203303 + 1?
-33203302
In base 10, what is 7 + -28876?
-28869
In base 4, what is -1 - 2132301131?
-2132301132
In base 5, what is -2 - 321000?
-321002
In base 9, what is 0 - 375531?
-375531
In base 14, what is -10 + -29927?
-29937
In base 16, what is 137 + -ea?
4d
In base 10, what is -15270 - 15?
-15285
In base 9, what is -57 - 475?
-543
In base 3, what is 110 + 2101110220?
2101111100
In base 11, what is 9 - a288?
-a27a
In base 16, what is 246d + -3?
246a
In base 9, what is -650 + -5453?
-6213
In base 13, what is -22 + -13bb?
-1410
In base 16, what is -aacf2 + 3?
-aacef
In base 5, what is 1102300 - 2?
1102243
In base 7, what is -2 + -206515?
-206520
In base 9, what is 1123 + -160?
853
In base 11, what is -51a7 - -1?
-51a6
In base 8, what is 23 - 444?
-421
In base 4, what is -13 + 200012?
133333
In base 2, what is 10 + -10011101111?
-10011101101
In base 3, what is -111200000121 + 2?
-111200000112
In base 5, what is 32 - 20110014?
-20104432
In base 9, what is -17706 + -21?
-17727
In base 4, what is -2 + -102121113?
-102121121
In base 4, what is 2221331231 - 1?
2221331230
In base 14, what is 120 - -b3?
1d3
In base 8, what is 1525121 - 3?
1525116
In base 16, what is -173e + -1b6?
-18f4
In base 8, what is 5 + -42507?
-42502
In base 4, what is 331 + 10213?
11210
In base 14, what is -a28 - -82?
-986
In base 16, what is -3 - 2cd4?
-2cd7
In base 4, what is -12 + -223220?
-223232
In base 12, what is -89 - 13ab?
-1478
In base 13, what is -4 - -2a799?
2a795
In base 12, what is 2139 + -13b?
1bba
In base 16, what is 674c - -1?
674d
In base 5, what is 0 + -13231212?
-13231212
In base 6, what is 2141312 + -2?
2141310
In base 3, what is 1100110 + -100220?
222120
In base 2, what is 100101111111 - 100?
100101111011
In base 7, what is -43 + 662?
616
In base 5, what is 3130142 + 2?
3130144
In base 3, what is -1001012220 + 111?
-1001012102
In base 9, what is -1453 - -32?
-1421
In base 14, what is -184 + 4?
-180
In base 5, what is 4 + -3001441?
-3001432
In base 3, what is 1221 + -1100121?
-1021200
In base 3, what is -1020112221 - 11?
-1020120002
In base 6, what is -5 - -1425340?
1425331
In base 7, what is -1 - -553456?
553455
In base 14, what is -1ba503 - 1?
-1ba504
In base 6, what is 3 + -100021?
-100014
In base 6, what is 3 + 23144142?
23144145
In base 8, what is 666 - -130?
1016
In base 15, what is -88180 + 1?
-8817e
In base 16, what is -34 - -7a?
46
In base 4, what is 120 - -2003013?
2003133
In base 5, what is -114 - -13330?
13211
In base 5, what is -4 + -124011?
-124020
In base 4, what is 0 + 203000?
203000
In base 10, what is 7 - -5019?
5026
In base 15, what is 1 + 516?
517
In base 12, what is 61 + -1412a?
-14089
In base 15, what is -155 - a61?
-bb6
In base 3, what is 12211121 - -2?
12211200
In base 4, what is -31 - -1031111?
1031020
In base 13, what is -2 - -18765?
18763
In base 3, what is -21020 + -21210?
-120000
In base 13, what is -1542416 - 5?
-154241b
In base 9, what is 32861 - 24?
32836
In base 4, what is -1 + -3100?
-3101
In base 14, what is -83c0 - -7d?
-8341
In base 12, what is 15078a - 0?
15078a
In base 14, what is -89dcd - 0?
-89dcd
In base 2, what is 1101 + 101110001101?
101110011010
In base 7, what is -202045 - -3?
-202042
In base 12, what is 3 + 9538?
953b
In base 14, what is -5 + -d5d95?
-d5d9a
In base 5, what is -103212 - 40?
-103302
In base 5, what is -3104 + 14000?
10341
In base 15, what is 4 - 28c2?
-28bd
In base 9, what is -208 + -2620?
-2828
In base 4, what is -113112 - -220?
-112232
In base 2, what is -10000010100101110111011 - 100?
-10000010100101110111111
In base 4, what is -1200333 + 21?
-1200312
In base 6, what is 5112520 - -4?
5112524
In base 6, what is 544125 - 0?
544125
In base 8, what is 13 + 140151?
140164
In base 7, what is -2 - 230142?
-230144
In base 6, what is -1 + 214313?
214312
In base 7, what is -12335 + -3?
-12341
In base 6, what is 5523 + -3?
5520
In base 4, what is -100 - 231121?
-231221
In base 7, what is -13463 + 13?
-13450
In base 3, what is 10 + -101101010121?
-101101010111
In base 10, what is -3 + 162828?
162825
In base 9, what is 44815 - 38?
44766
In base 3, what is 21121 + 120210?
212101
In base 7, what is 65 - -1523?
1621
In base 2, what is -11101011 + -110000010111?
-110100000010
In base 15, what is -14a61 + -7?
-14a68
In base 12, what is 964 + -141?
823
In base 10, what is 20097 + -5?
20092
In base 13, what is 5a7 - -3b?
615
In base 5, what is 111020331 - -1?
111020332
In base 8, what is 51 - -1510?
1561
In base 14, what is 5 - 842?
-83b
In base 9, what is 3 - 2323484?
-2323481
In base 14, what is -217 - 1dcb?
-2204
In base 6, what is 5055 - 1?
5054
In base 15, what is -2 - -4741?
473e
In base 7, what is -10 - -452351?
452341
In base 11, what is 80421 + 12?
80433
In base 11, what is 4 + -aa4?
-aa0
In base 13, what is -3c - 269?
-2a8
In base 4, what is 3222023 + -1?
3222022
In base 14, what is 3b1 + -6d?
342
In base 16, what is 1a - 39d7?
-39bd
In base 2, what is 11000111010110 - 1001110?
11000110001000
In base 16, what is 5102 - 1?
5101
In base 9, what is 242885 - 0?
242885
In base 2, what is -11011101 - -10110000?
-101101
In base 9, what is 2 + 135831?
135833
In base 2, what is 110 - -10100010110?
10100011100
In base 11, wh